nds digit of 23514?
3
What is the hundreds digit of 563373?
3
What is the millions digit of 6130881?
6
What is the hundreds digit of 944883?
8
What is the hundred thousands digit of 25359029?
3
What is the hundred thousands digit of 4767804?
7
What is the hundreds digit of 347875?
8
What is the thousands digit of 1765271?
5
What is the tens digit of 3683993?
9
What is the ten thousands digit of 255518?
5
What is the hundreds digit of 10414993?
9
What is the tens digit of 73051?
5
What is the millions digit of 1151851?
1
What is the thousands digit of 53607?
3
What is the units digit of 336687?
7
What is the hundred thousands digit of 4478251?
4
What is the hundred thousands digit of 1991928?
9
What is the thousands digit of 112476?
2
What is the units digit of 5590970?
0
What is the hundreds digit of 5588?
5
What is the thousands digit of 355257?
5
What is the ten thousands digit of 131335?
3
What is the units digit of 2015558?
8
What is the millions digit of 5420955?
5
What is the millions digit of 1584991?
1
What is the units digit of 4180655?
5
What is the tens digit of 5229668?
6
What is the thousands digit of 16763?
6
What is the thousands digit of 1617942?
7
What is the hundred thousands digit of 234475?
2
What is the ten thousands digit of 70224?
7
What is the units digit of 24754976?
6
What is the tens digit of 287311?
1
What is the thousands digit of 24464834?
4
What is the millions digit of 1224230?
1
What is the tens digit of 578837?
3
What is the tens digit of 558713?
1
What is the ten millions digit of 24930941?
2
What is the hundreds digit of 10560739?
7
What is the tens digit of 2722314?
1
What is the hundreds digit of 307650?
6
What is the units digit of 5885420?
0
What is the hundreds digit of 34657256?
2
What is the units digit of 6453526?
6
What is the tens digit of 511937?
3
What is the hundreds digit of 518775?
7
What is the units digit of 939329?
9
What is the units digit of 3262845?
5
What is the thousands digit of 8845561?
5
What is the tens digit of 3154264?
6
What is the tens digit of 166257?
5
What is the thousands digit of 2956961?
6
What is the units digit of 119421?
1
What is the ten thousands digit of 13347736?
4
What is the millions digit of 35819990?
5
What is the units digit of 8701?
1
What is the tens digit of 1400578?
7
What is the units digit of 5306933?
3
What is the thousands digit of 1534699?
4
What is the thousands digit of 704353?
4
What is the ten millions digit of 10291061?
1
What is the thousands digit of 6084307?
4
What is the tens digit of 21477241?
4
What is the millions digit of 1668694?
1
What is the ten thousands digit of 14489385?
8
What is the tens digit of 2832631?
3
What is the ten thousands digit of 392868?
9
What is the thousands digit of 44233?
4
What is the thousands digit of 11565173?
5
What is the tens digit of 57999?
9
What is the hundred thousands digit of 6289037?
2
What is the tens digit of 298861?
6
What is the units digit of 324132?
2
What is the hundred thousands digit of 6349341?
3
What is the ten thousands digit of 13563793?
6
What is the millions digit of 1804510?
1
What is the hundreds digit of 35099697?
6
What is the ten thousands digit of 1024861?
2
What is the tens digit of 2068747?
4
What is the ten thousands digit of 256560?
5
What is the tens digit of 5333456?
5
What is the thousands digit of 355726?
5
What is the ten thousands digit of 90965?
9
What is the hundreds digit of 18348268?
2
What is the hundreds digit of 3036267?
2
What is the ten thousands digit of 169454?
6
What is the millions digit of 3431994?
3
What is the ten millions digit of 21928744?
2
What is the hundred thousands digit of 523918?
5
What is the units digit of 2602749?
9
What is the thousands digit of 28727571?
7
What is the units digit of 1032621?
1
What is the ten thousands digit of 3212281?
1
What is the tens digit of 46895?
9
What is the thousands digit of 703268?
3
What is the units digit of 1261868?
8
What is the ten thousands digit of 2544470?
4
What is the hundreds digit of 3573753?
7
What is the ten thousands digit of 4374747?
7
What is the hundreds digit of 8862350?
3
What is the hundreds digit of 10675730?
7
What is the millions digit of 1000420?
1
What is the hundreds digit of 81577?
5
What is the thousands digit of 577389?
7
What is the units digit of 1484679?
9
What is the units digit of 3153841?
1
What is the units digit of 5376?
6
What is the tens digit of 1302071?
7
What is the thousands digit of 254575?
4
What is the hundred thousands digit of 35813888?
8
What is the tens digit of 11815803?
0
What is the units digit of 10847547?
7
What is the thousands digit of 4103423?
3
What is the thousands digit of 6271022?
1
What is the hundred thousands digit of 744035?
7
What is the ten thousands digit of 1435483?
3
What is the tens digit of 506538?
3
What is the units digit of 486456?
6
What is the ten thousands digit of 883418?
8
What is the hundreds digit of 665472?
4
What is the ten thousands digit of 149265?
4
What is the hundred thousands digit of 5014828?
0
What is the hundreds digit of 4157274?
2
What is the tens digit of 5888487?
8
What is the ten millions digit of 24177678?
2
What is the tens digit of 208943?
4
What is the hundreds digit of 294647?
6
What is the ten thousands digit of 1248546?
4
What is the hundred thousands digit of 1370345?
3
What is the tens digit of 53773?
7
What is the thousands digit of 432339?
2
What is the hundreds digit of 2879655?
6
What is the tens digit of 2487595?
9
What is the thousands digit of 9216055?
6
What is the units digit of 876507?
7
What is the hundreds digit of 13605657?
6
What is the tens digit of 3987649?
4
What is the thousands digit of 279600?
9
What is the hundreds digit of 10822032?
0
What is the ten thousands digit of 26090401?
9
What is the millions digit of 13808377?
3
What is the units digit of 108150?
0
What is the tens digit of 5887923?
2
What is the hundred thousands digit of 2706649?
7
What is the units digit of 87308?
8
What is the ten thousands digit of 1148348?
4
What is the units digit of 6181476?
6
What is the ten thousands digit of 2095362?
9
What is the hundreds digit of 21895913?
9
What is the tens digit of 589891?
9
What is the ten thousands digit of 1543831?
4
What is the hundred thousands digit of 173652?
1
What is the ten millions digit of 32821968?
3
What is the hundred thousands digit of 424157?
4
What is the thousands digit of 7037610?
7
What is the millions digit of 2430021?
2
What is the hundred thousands digit of 580789?
5
What is the thousands digit of 159800?
9
What is the ten thousands digit of 6224598?
2
What is the thousands digit of 248009?
8
What is the units digit of 101646?
6
What is the units digit of 200760?
0
What is the hundreds digit of 86890?
8
What is the units digit of 1076717?
7
What is the ten millions digit of 39181680?
3
What is the hundreds digit of 2330111?
1
What is the hundreds digit of 4262861?
8
What is the millions digit of 2561112?
2
What is the hundreds digit of 19046442?
4
What is the units digit of 2877038?
8
What is the units digit of 195203?
3
What is the units digit of 80044?
4
What is the hundred thousands digit of 1737088?
7
What is the hundreds digit of 1597088?
0
What is the tens digit of 26201067?
6
What is the hundred thousands digit of 614934?
6
What is the units digit of 5204863?
3
What is the millions digit of 2761858?
2
What is the tens digit of 133726?
2
What is the tens digit of 298050?
5
What is the units digit of 533387?
7
What is the ten thousands digit of 615487?
1
What is the tens digit of 15649037?
3
What is the hundreds digit of 1094888?
8
What is the ten thousands digit of 117522?
1
What is the hundred thousands digit of 4561632?
5
What is the units digit of 81305?
5
What is the tens digit of 47602?
0
What is the thousands digit of 6945580?
5
What is the millions digit of 1175616?
1
What is the tens digit of 40483?
8
What is the thousands digit of 9322109?
2
What is the tens digit of 24635631?
3
What is the hundred thousands digit of 1961730?
9
What is the units digit of 1631405?
5
What is the units digit of 13079969?
9
What is the hundred thousands digit of 660247?
6
What is the thousands digit of 194262?
4
What is the thousands digit of 421494?
